 1*8/2 - -2. Calculate the remainder when q is divided by 154/i + 3/9.
25
Let r(m) = 2*m**3 - 10*m**2 - 19*m + 134. What is the remainder when (-14 + -3)/(1/(-9)) is divided by r(5)?
36
Let s be 5 - (6/9 - 30/18). Suppose -2*n - 19 = -3*n. What is the remainder when (333/s)/(-3)*(7 + -11) is divided by n?
17
Let f(g) = -g**3 - 5*g**2 + g + 125. What is the remainder when 2998 is divided by f(0)?
123
Let k = 568 + -309. Calculate the remainder when k is divided by 26.
25
Let t(v) = -4*v - 15. What is the remainder when (183/(-12))/((-1)/8) is divided by t(-10)?
22
Let u(m) = m - 35. Let j be u(15). Let r = j - -120. Suppose 7 = 4*w - 5*n - 75, 0 = 5*w - 5*n - r. Calculate the remainder when w is divided by 5.
3
Suppose 7*m - 1029 = -539. What is the remainder when m is divided by 25?
20
Suppose a - 360 = -3*a. Let u(d) = d**3 - 11*d**2 + 23*d - 107. Calculate the remainder when a is divided by u(10).
21
Let u = -270 + 272. Calculate the remainder when 65 is divided by u.
1
Let s(n) = -n**3 - 3*n**2 - 3*n + 7. Let b be s(-4). Let d = b - 23. What is the remainder when (-92)/(-6)*(5 + -2) is divided by d?
10
Suppose 0 = -4*b - 3*b + 329. Calculate the remainder when 327 is divided by b.
45
Let i(t) = t**3 + 4*t**2 + 3*t + 17. What is the remainder when 271 is divided by i(0)?
16
Suppose 5 - 15 = -5*d. What is the remainder when d + -3 + 4 + 99 is divided by 13?
11
Calculate the remainder when 215 is divided by ((-130)/50 - -7)/(4/50).
50
Suppose 248 = 11*p - 423. Calculate the remainder when 236 is divided by p.
53
Suppose y + 0*y - 3 = 0. Let f(c) = 16*c + 8. What is the remainder when f(0) is divided by y?
2
Let t(p) = -p**3 - 2*p**2 + 4. Let v = -5 + 2. Let o(r) = -4*r + 71. What is the remainder when o(9) is divided by t(v)?
9
Suppose 3*c - 35 + 2 = 0. Suppose -t - 2*w = -8, -5*w + 34 = 5*t - c. What is the remainder when 38 is divided by t?
8
Let p(r) = -12*r**3 - 4*r**2 - 2*r + 1. Calculate the remainder when p(-3) is divided by 75.
70
Let p = -24 + 31. Suppose 2*l + z = 4*l - 14, 2*z = -3*l + p. Calculate the remainder when 12 is divided by l.
2
Let h(q) = -q**2 - 3*q. Let u be h(-3). Calculate the remainder when (0 - 1)*-3 - -64 is divided by ((-5 - u) + -2)*-2.
11
Suppose 2*f = 5*p - 0*p - 37, -5*f + 47 = 3*p. Suppose -111 = -6*a + p. Let d(h) = 60*h**2 + h. What is the remainder when d(-1) is divided by a?
19
Let m = -11 - -15. Suppose -2*w - 36 = -g + 3*w, m*w = -16. Suppose -3*f = -6*u + 2*u + 12, 4*u - 28 = -f. What is the remainder when g is divided by u?
4
Calculate the remainder when -8*(-3458)/168 + 1/3 is divided by 24.
21
Let z(t) = 13*t - 49. Calculate the remainder when 2*(28 - (-4)/2) is divided by z(5).
12
Let f(u) = 3*u - 32. Let k be f(16). Let x = k + 102. What is the remainder when x is divided by 40?
38
Let m = 363 - 349. What is the remainder when 179 is divided by m?
11
Let d(n) = 3*n + 8. Let b be d(-2). Suppose 2*p - 3*j - 9 = 0, -9 - 5 = -b*p + 2*j. Calculate the remainder when 33 is divided by p.
9
Let r(u) = -u + 1. Let g be r(1). Let x = g - -16. What is the remainder when 63 is divided by x?
15
Let f(n) = 12*n**2 + n. Suppose -13 + 5 = -4*g. Suppose 17 = g*l - 47. Calculate the remainder when l is divided by f(-1).
10
Let f = -35 - -31. Let p be (-4 - 36/f)/1. Suppose -r = 2*q - 36, -r + p*q - 10 = -32. What is the remainder when 93 is divided by r?
29
Suppose 36*f + 240 = 21*f. Suppose 31 = 5*l - 4*x, 4*l - x = -4*x. What is the remainder when 33/l - f/(-4) is divided by 2?
1
Let y be 1/(-5) - (-774)/(-5). Suppose 10*i + 360 = -2000. Let f = y - i. Calculate the remainder when f is divided by 14.
11
Let z = 121 - 71. Let y be 0 - (z + 0 - 2). Let n = -34 - y. What is the remainder when 25 is divided by n?
11
Let z(k) = k**3 + 40*k**2 + 73*k + 79. What is the remainder when z(-38) is divided by 20?
13
Let r = -127 - -320. Calculate the remainder when r is divided by 8 + 3 + (-2660)/(-95).
37
Let y be -2*6/(-4) - -7. Suppose -y*s - 28 = -11*s. What is the remainder when 54 is divided by s?
26
Let x = -952 - -965. Calculate the remainder when 101 is divided by x.
10
Let b(o) = o**3 - 3*o**2 - 5*o + 4. Let q be b(4). Let w be -2*6 - (0 - q). What is the remainder when (-344)/(-9) + w/54 is divided by 10?
8
Suppose 4*b + 26 = 3*t, 8*t - b = 7*t + 9. What is the remainder when 21 is divided by t?
1
Suppose -4*x + 5*c + 96 = 0, x - 5*c - 34 + 10 = 0. Calculate the remainder when 42 is divided by x.
18
Let j(v) = -256*v - 261. What is the remainder when j(-5) is divided by 30?
29
Suppose -x + 7*x = 24. Suppose 45 = 3*g + 3*n - 24, -n = x. What is the remainder when g is divided by ((-14)/5)/((-5)/25)?
13
Let x(s) = s**2 - 17*s - 41. Let v be x(22). Calculate the remainder when 46/v*102/4 is divided by 13.
4
Suppose 2*t + 418 = 3*t - 2*l, -840 = -2*t + 2*l. Calculate the remainder when t is divided by 106.
104
Let u = 159 - 58. Let t = -56 + u. Calculate the remainder when 89 is divided by t.
44
Let b = 29 + -29. Suppose 5*c + 49 = 2*l - b*l, -54 = -3*l + c. Calculate the remainder when 65 is divided by l.
14
Let g = 39 + -28. Let x(p) = p**3 + 9*p**2 + 9*p - 5. What is the remainder when x(-7) is divided by g?
8
Suppose -3*h + 18 = 2*w, -5*h + 0*h + 29 = 3*w. Suppose -5*q + 21 + h = 0. Calculate the remainder when ((-13)/(-2))/(2/4) is divided by q.
3
Let k(o) = 2*o**3 + o**2 - 2*o + 13. Calculate the remainder when k(4) is divided by 50.
49
Let s = 1586 - 1430. Calculate the remainder when s is divided by 79.
77
Let s = 696 + -626. What is the remainder when s is divided by 20?
10
Let s(n) = -n**2 - 4*n + 1. Suppose 0 = 7*y - 17 - 4. Suppose -y*z + 56 = z. What is the remainder when z is divided by s(-2)?
4
Let m = 494 + -467. Calculate the remainder when 33 is divided by m.
6
Suppose 17 = 3*j - 7. Suppose -f = -17 + j. Calculate the remainder when f/(-6)*40/(-6) is divided by 6.
4
Let u = 5 - -2. Suppose -3*a + 4*a - b = -2, -2*a = -b. Suppose a*z - 20 = z. What is the remainder when z is divided by u?
6
Let g(v) = 25*v + 15. Let y be g(-4). Let k = -77 - y. What is the remainder when 30 is divided by k?
6
Suppose 8*b + 4 = 9*b. Calculate the remainder when 58 is divided by (-9)/36 + 81/b.
18
Let k = 223 + -124. Suppose -147 = -6*f + k. Calculate the remainder when f is divided by 15.
11
Let x(m) = 9*m + 135. Calculate the remainder when x(-8) is divided by 25.
13
Suppose 741 + 1419 = 9*a. What is the remainder when a is divided by 76?
12
Let i be -6*(-2)/(-3) + 10. Suppose 4*d = i*d - 62. What is the remainder when d is divided by 8?
7
Let q(c) = -18*c - 20. Let r be (-1)/((-4)/(-4 + -16)). What is the remainder when q(r) is divided by 19?
13
Let j = 96 - 37. Suppose -2*t + 3*v = -j, 5*t + 4*v - 3*v = 173. Suppose -2*h + t + 14 = 0. Calculate the remainder when 70 is divided by h.
22
Let k(s) = 137*s**2 + 82*s + 81. Calculate the remainder when k(-1) is divided by 81.
55
Let x be 6*(-45)/10 - -6. Let d(p) = -p**2 + p - 46. Let f be d(0). Let o = x - f. What is the remainder when 72 is divided by o?
22
What is the remainder when 203 is divided by ((850/15)/(-5))/((-2)/3)?
16
Let v(f) = -3*f**3 - 20*f**2 + 43. What is the remainder when v(-8) is divided by 50?
49
Let q = -69 + 150. Calculate the remainder when q is divided by 51.
30
Let n = 385 - 267. Calculate the remainder when n is divided by 45.
28
Let g be (3 - 1) + 37*1. Let m be (58/4)/(29/58). Suppose -m = -2*o + g. Calculate the remainder when 101 is divided by o.
33
Let r(q) = -6*q**2 + q - 3. Let d be r(-4). Let w(u) = -u**3 + 7*u**2 - 9*u - 6. Let f be w(7). Let h = f - d. What is the remainder when h is divided by 12?
10
Calculate the remainder when 375 is divided by 163/3 - 17/51.
51
Let a(c) = c**3 + 9*c**2 - 19*c + 10. What is the remainder when 179 is divided by a(3)?
57
Let p = -9 + 5. Let a be (-1)/4 + (-237)/p. Suppose -3*n = -10 - a. What is the remainder when n is divided by 5?
3
Let n(h) = 6*h - 1. Let f(y) = -y**3 + 15*y**2 - 13*y - 17. Let t be f(14). Let z be n(t). Let w = 36 - z. What is the remainder when w is divided by 19?
17
Let t = -25 - -38. Suppose 3*m - 1 = 2, -3*w - 4*m = -13. Suppose 0*z + 4*k - w = -z, z - 3 = -k. Calculate the remainder when t is divided by z.
1
Let j(k) = k**3 - 4*k**2 - 4*k. Let g be j(5). Suppose -x - 3